{"id":134,"date":"2020-09-28T18:20:38","date_gmt":"2020-09-28T18:20:38","guid":{"rendered":"https:\/\/vingolf.dk\/?page_id=134"},"modified":"2020-09-28T18:24:53","modified_gmt":"2020-09-28T18:24:53","slug":"trappe-historik","status":"publish","type":"page","link":"https:\/\/vingolf.dk\/index.php\/trappe-historik\/","title":{"rendered":"Trappe historik"},"content":{"rendered":"\n<figure class=\"wp-block-image size-full is-resized\"><img loading=\"lazy\" decoding=\"async\" src=\"https:\/\/vingolf.dk\/wp-content\/uploads\/2020\/09\/strand-aften-copy.jpg\" alt=\"\" class=\"wp-image-139\" width=\"200\" height=\"61\"\/><\/figure>\n\n\n\n<p>Historisk overblik over:<br>Trappelauget \u201dHOLL\u00d8SELUND\u201d (Trappen ved Campingvej)<\/p>\n\n\n\n<p><strong>1966 <\/strong>Udstykning af Vingolf er en realitet.<br>I forbindelse med udstykningen er der ikke taget h\u00f8jde for adgang til stranden, men<br>i h\u00f8jre side af Kerrn-Jespersens ejendom Kystvej 21 findes en privat trappe, som<br>p\u00e5 aftalebassis m\u00e5 benyttes via adgang over Kerrn-Jespersens grund Kystvej 21.<br>Der er dog planlagt stisystem i forl\u00e6ngelse af Campingvej mellem Kystvej 19 og 21<br>Den ene halvdel (matr.nr. 1da) af stien ejes af grundejerforeningen Lundeh\u00f8j.<br>Den anden halvdel (matr.nr. 7b) ejes af fru Ellen Monrad.<br>Stisystemet blev aldrig anlagt.<\/p>\n\n\n\n<p><strong>1972 <\/strong>Overenskomst mellem grundejerforeningerne: Holl\u00f8selund, Lundeh\u00f8j, Gadeland<br>og Vingolf bliver udarbejdet og underskrevet.<br>Gadeland og Vingolf indbetaler hver kr. 1.500 og er dermed medejere af trappen<br>og forpligtiger sig til at medvirke til vedligeholdelse af trappen.<br>Hvert \u00e5r fasts\u00e6ttes et a`conto bel\u00f8b pr. medlem.<br>For \u00e5ret 1973 var bel\u00f8bet kr.25,- pr. medlem, dog s\u00e5ledes at Lundeh\u00f8j kun<br>medregnes med halvdelen af deres medlemsantal.<\/p>\n\n\n\n<p><strong>1978 <\/strong>Kommunens trappe Kystvej 5-7 forsvandt efter et voldsomt skred.<br>En l\u00f8bende erosion af skr\u00e6nten har indtil nu umuliggjort ops\u00e6tning af en ny<br>offentlig trappe.<\/p>\n\n\n\n<p><strong>1980 <\/strong>Endeligt sk\u00f8de udarbejdes p\u00e5 matr.nr. 7 bi af Holl\u00f8se by, Vejby. Herved er<br>ejerforholdet overdraget til Trappelauget \u201dHoll\u00f8selund\u201d.<\/p>\n\n\n\n<p><strong>1988 <\/strong>Vedt\u00e6gter udarbejdes, og godkendes af de fire grundejerforeninger. Form\u00e5l er at<br>eje og bestyre vej- og udsigtsareal samt trappe p\u00e5 parcel med matr. Nr 7 bi af<br>Holl\u00f8se by, Vejby, samt s\u00f8rge for passende adgangsforhold til stranden for<br>medlemmer af de 4 grundejerforeninger, der er tilsluttet trappelauget.<\/p>\n\n\n\n<p><strong>1988 <\/strong>Skr\u00e6ntfodsikring udf\u00f8res (kr.22.000).<\/p>\n\n\n\n<p><strong>1990 <\/strong>Ekstraordin\u00e6r kystsikring udf\u00f8res (kr.18.000)<\/p>\n\n\n\n<p><strong>1992 <\/strong>Eksisterende trappe er udf\u00f8rt i 1992 med st\u00f8tte fra Landliggersammenslutningen samt extra tilskud fra grundejerforeningerne: Lundeh\u00f8j \u2013 Holl\u00f8selund \u2013 Gadeland \u2013 Vingolf. Trappen er opf\u00f8rt i en konstruktion med underliggende jernbaneskinner.<br>Arbejdet er udf\u00f8rt af Skr\u00e6nt &amp; Kystsikring aps. v\/Henning Hald Pedersen,<br>Hundested. Med l\u00f8bende vedligeholdelse forventes det, at trappen holder mange \u00e5r.<\/p>\n\n\n\n<p><strong>2004 <\/strong>Da s\u00e6rlige regler g\u00e6lder, for trappe med 200 trin, tegnes forsikring for<br>Trappelaugets ansvarsd\u00e6kning den 1.august.<\/p>\n\n\n\n<p><strong>2006 <\/strong>Overenskomst underskrives mellem Trappelauget og Helsinge Kommune<br>vedr\u00f8rende istands\u00e6ttelse og vedligeholdelse af matr. nr. 7bi, Holl\u00f8se by, Vejby.<br>Aftalen g\u00e6lder trappe og udsigtsareal (bj\u00f8rneklobek\u00e6mpelse).<\/p>\n\n\n\n<p><strong>2008 <\/strong>Gribskov Kommune opsiger vedligeholdelsesaftale med virkning pr. 1.juli 2009<\/p>\n\n\n\n<p><strong>2009 <\/strong>P\u00e5 Trappelaugets ordin\u00e6re genralforsamling d. 24.maj 2009 var der enighed om at<br>tage Kommunens opsigelse til efterretning og tage skridt til at lukke for offentlig<br>adgang til grunden og trappen, s\u00e5ledes at der kun er adgang for medlemmer af<br>Trappelauget.<\/p>\n\n\n\n<p><strong>2010 <\/strong>Gitterl\u00e5ge ops\u00e6ttes og afl\u00e5ses i september mdr. efter afholdt n\u00f8glesalg<br>til Trappelaugets medlemmer.<\/p>\n\n\n\n<p><strong>2011 <\/strong>Marts: Gribskov Kommune varsler et p\u00e5bud om fjernelse af l\u00e5ge.<br>Trappelauget kan ikke anerkende, at Kommunen har hjemmel til at kr\u00e6ve l\u00e5ge<br>fjernet. I henhold til svar fra Borgmester Jan Ferdinansen og formand for Teknisk Udvalg<br>Bo Jul Nielsen, er det rigtigt, at der ikke kan gives p\u00e5bud, men Kommunen vil<br>fremkomme med et opl\u00e6g til forhandling om gen\u00e5bning af trappen mod, at der vil<br>blive indg\u00e5et en ny vedligeholdelsesaftale svarende til tidligere aftale.<br>Kommunen vil i denne forbindelse unders\u00f8ge muligheden for etablering af trappe<br>p\u00e5 arealet Kystvej 5-7, der ejes af kommunen.<br>Nov.: Sagen om gen\u00e5bning af strandtrappen har v\u00e6ret behandlet p\u00e5 Teknisk<br>udvalgsm\u00f8de d. 2. nov. 2011. Udvalget besluttede at afslutte sagen uden at give<br>p\u00e5bud om \u00e5bning af trappen.<\/p>\n\n\n\n<p><strong>2012 <\/strong>April. Endnu er der ikke modtaget tilsagn om genforhandling af vedligeholdelsesaftale, ej heller tilsagn om etablering af trappe Kystvej 5-7.<\/p>\n\n\n\n<p>Calle Haaning<br>Formand for<br>Trappelauget<\/p>\n","protected":false},"excerpt":{"rendered":"<p>Historisk overblik over:Trappelauget \u201dHOLL\u00d8SELUND\u201d (Trappen ved Campingvej) 1966 Udstykning af Vingolf er en realitet.I forbindelse med udstykningen er der ikke taget h\u00f8jde for adgang til stranden, meni h\u00f8jre side af Kerrn-Jespersens ejendom Kystvej 21 findes en privat trappe, somp\u00e5 aftalebassis &hellip; <a href=\"https:\/\/vingolf.dk\/index.php\/trappe-historik\/\">L\u00e6s resten <span class=\"meta-nav\">&rarr;<\/span><\/a><\/p>\n","protected":false},"author":1,"featured_media":0,"parent":0,"menu_order":0,"comment_status":"closed","ping_status":"closed","template":"sidebar-page.php","meta":{"footnotes":""},"class_list":["post-134","page","type-page","status-publish","hentry"],"_links":{"self":[{"href":"https:\/\/vingolf.dk\/index.php\/wp-json\/wp\/v2\/pages\/134","targetHints":{"allow":["GET"]}}],"collection":[{"href":"https:\/\/vingolf.dk\/index.php\/wp-json\/wp\/v2\/pages"}],"about":[{"href":"https:\/\/vingolf.dk\/index.php\/wp-json\/wp\/v2\/types\/page"}],"author":[{"embeddable":true,"href":"https:\/\/vingolf.dk\/index.php\/wp-json\/wp\/v2\/users\/1"}],"replies":[{"embeddable":true,"href":"https:\/\/vingolf.dk\/index.php\/wp-json\/wp\/v2\/comments?post=134"}],"version-history":[{"count":4,"href":"https:\/\/vingolf.dk\/index.php\/wp-json\/wp\/v2\/pages\/134\/revisions"}],"predecessor-version":[{"id":140,"href":"https:\/\/vingolf.dk\/index.php\/wp-json\/wp\/v2\/pages\/134\/revisions\/140"}],"wp:attachment":[{"href":"https:\/\/vingolf.dk\/index.php\/wp-json\/wp\/v2\/media?parent=134"}],"curies":[{"name":"wp","href":"https:\/\/api.w.org\/{rel}","templated":true}]}}